hat is the hundreds digit of (-4204)/(-10) - -11*(-18)/495?
4
Let r(l) = 3874*l**2 + 15*l + 20. What is the units digit of r(-1)?
9
Let a be (-368)/6 - 2/3. Let c = 121 + a. What is the tens digit of c?
5
Suppose 3*z + 43 + 23 = 0. Let t = -13 - z. Let m = 35 - t. What is the units digit of m?
6
Let g be ((-30)/(-4))/((-6)/16). Let a = 233 + -200. Let t = g + a. What is the tens digit of t?
1
Let o(n) = -2*n - 11. Let u = 1 - -11. Suppose -p - u = p. What is the units digit of o(p)?
1
Suppose 0 = -2*v - 4*o + 38, v + o - 21 = -2. Let t(d) = d**3 + 2. Let r be t(0). Suppose 29 = 3*c + r*n + 3*n, -v = -c + 3*n. What is the units digit of c?
3
Let t(p) = p**2 + 2*p + 8. What is the hundreds digit of t(16)?
2
Let p = -321 + 900. What is the tens digit of p?
7
What is the units digit of (-16653)/(-27) - (-6)/27?
7
Let g(b) be the third derivative of -7*b**4/24 - 5*b**3/3 - 90*b**2. Suppose -32 = t - 5*n, -n - n - 18 = 4*t. What is the units digit of g(t)?
9
Let w(a) = 14*a**2 - 22*a - 15. What is the tens digit of w(12)?
3
Suppose -b = -4, 3*v - 8*b + 11*b = -30. Let c(r) = r**2 + 12*r + 9. What is the units digit of c(v)?
7
Let p(o) = -o**3 + o**2 + 24*o + 2237. What is the hundreds digit of p(0)?
2
Suppose 0 = 5*i + 3*b + 2*b - 15, 0 = -4*i - b + 6. Suppose 0 = -2*j + s - i, 0*s + 13 = 4*j + s. Suppose -82 = j*w - 3*w. What is the tens digit of w?
8
Suppose 0 = -310*v + 295*v + 55050. What is the tens digit of v?
7
What is the hundreds digit of 651 + (-10 - -13) - 9?
6
Suppose -24216 = -228*u + 220*u. What is the units digit of u?
7
Suppose -5*t + 7 - 2 = 0. Suppose 0 = -4*s + 193 - t. What is the units digit of s?
8
Suppose 0 = 4*s - 1 - 15. Let d = 7 + s. What is the units digit of d?
1
Let u be 7/4 - (-10)/40. Suppose 3*x = 2*b - 2*x - 13, -x = -u*b + 1. What is the units digit of (0 - b)*(10 - -9)?
9
Let f = 645 + -95. What is the hundreds digit of f?
5
Suppose -m - 3 + 6 = 0. Let a(h) = h**3 + 4*h**2 - h - 2. What is the units digit of a(m)?
8
Let k be (-2 - 1 - 2) + 7. What is the units digit of 213 - (80/50)/(k/5)?
9
Let a(b) = 27*b**3 - b**2 - b + 1. Let u be a(1). Suppose -24*k = -u*k + 308. Let d = 230 - k. What is the tens digit of d?
7
What is the hundreds digit of (-10)/(-125) - 1323806/(-550)?
4
Let g(m) = -m + 10. Let d be g(6). Let r = 24 - 14. What is the units digit of (-5)/r + 34/d?
8
Suppose -7*t + 68 = -3*t. Suppose t = -3*l + 206. What is the tens digit of l?
6
Suppose -5*p - 5 = -30. Suppose -297 = p*j - 3*d + 6*d, -2*j = -3*d + 123. Let y = j - -85. What is the tens digit of y?
2
Suppose 0*b - 4*b = 64. Let m(f) = f**3 - f**2 + f + 3. Let k be m(0). Let g = k - b. What is the units digit of g?
9
Suppose -12*c = 17 - 65. Let q(t) = 27*t + 30. What is the units digit of q(c)?
8
Suppose -2*s + 1529 = 5*p, -5*s = -5*p - 54 - 3751. Suppose -4*l + 10*g + s = 9*g, -560 = -3*l - 5*g. What is the hundreds digit of l?
1
Let p(a) = a**2 - 3. Let g be p(2). Let f be g/((-1)/(-2)) + 4. Suppose 0 = v - f*v + 195. What is the units digit of v?
9
Suppose 4*v + 10787 = 5*u, -2*u - 4*v + 1296 = -3002. What is the units digit of u?
5
Let q(k) = -k**3 - 6*k**2 + 2. Let w be q(-6). Suppose -t = -85 + w. What is the tens digit of t?
8
Let v(l) = 59*l - 40. What is the hundreds digit of v(7)?
3
Let r = -1925 + 4215. What is the thousands digit of r?
2
Let c be ((-4)/(-8))/((-1)/30). Let m be (-5)/c + 34/(-3). What is the tens digit of (3 + -5)*m - -3?
2
Suppose t + i - 2 - 1 = 0, 0 = 3*t - i - 29. Suppose t = 2*w - 36. Suppose 3*q - w = 23. What is the tens digit of q?
1
Let m = 2337 - 1593. What is the hundreds digit of m?
7
Suppose -18682 = -14*g + 12426. What is the thousands digit of g?
2
Let u be 56/(-42) - (-4)/3. Let g(x) = x - 2. Let d be g(4). Suppose u = -3*y + 5*y + d*n + 6, -3*y = -2*n - 16. What is the units digit of y?
2
What is the tens digit of (3/(-2) - -9)*(37 + 1)?
8
Suppose 2*r + m - 1038 = 0, 3*r + 510 = 4*r + 5*m. What is the units digit of r?
0
Let l = 203 + -109. Let u = l - -51. What is the hundreds digit of u?
1
Suppose 4*z - 2 = 2*h, 2*z + z + h - 14 = 0. Suppose 8 = z*s - 4. Suppose -2*l - 6 = -s*l. What is the units digit of l?
3
Let i(r) = 2*r**3 - 49*r**2 - 90*r - 44. What is the thousands digit of i(27)?
1
Let t be (2/4)/(4/(-144)). Let n = t - -22. Suppose n = 2*z - 0. What is the units digit of z?
2
Let r = -223 + 445. What is the hundreds digit of r?
2
Suppose s = -2*o + 988, 5*s - 9*o = -11*o + 4948. What is the units digit of s?
0
Suppose 10 - 15 = -5*x. Suppose -3*i = x - 4. Suppose i - 25 = -2*r. What is the tens digit of r?
1
Suppose 70 = f + 4*f. Suppose 3*x - 31 - 14 = 0. Let c = x - f. What is the units digit of c?
1
What is the tens digit of 0 - (4 + -3)*999/(-3)?
3
Let c(y) = 44*y - 18*y + 3 - 15*y - 17*y + y**2. What is the units digit of c(6)?
3
Let f(z) = 3*z**2 + 3*z**2 - 6*z - 4*z**2 - 1 - 3*z**2. Let r be f(-5). Suppose -4*g = n - 7*g, -14 = -n - r*g. What is the units digit of n?
6
Let o be (-24)/(-1 - (-21)/27). Suppose 7*a = a + o. What is the units digit of a?
8
Let t = 129 - -145. What is the units digit of t?
4
Let y be (6 + -3)/(-3) - 68. Let j = 123 + y. Let o = 96 - j. What is the units digit of o?
2
Let g(i) = i**3 + 22*i**2 - 28*i + 15. Let h(k) = -2*k**3 - 23*k**2 + 29*k - 16. Let l(y) = -3*g(y) - 2*h(y). What is the hundreds digit of l(19)?
1
What is the units digit of 1 - -11 - 10 - (2 - 547)?
7
Let j = 55 - 5. Let k = j - 42. What is the units digit of k?
8
Let u(y) = y**3 + 6*y**2 - 7*y + 9. Let w be u(-7). Suppose -w*x + 4140 = 3*x. What is the units digit of x?
5
Let o(a) = -3*a**3 - 12*a**2 + 7*a - 41. Let w(f) = 5*f**3 + 18*f**2 - 11*f + 61. Let k(s) = 8*o(s) + 5*w(s). What is the tens digit of k(8)?
1
Let p(w) = 9*w**2 - 13*w + 30*w - 10*w**2 - 11. Let v be p(14). Suppose -19 = -3*q + 2*r + v, -38 = -3*q - r. What is the tens digit of q?
1
Suppose 5*n - 3*g = g + 2341, n - 3*g - 477 = 0. What is the units digit of n?
5
Suppose 4*x = 3*b - 1121, -5*x + 8*x = -5*b + 1907. What is the hundreds digit of b?
3
Suppose -3*f = -4*f. Let z(u) = u**3 - u**2 + 4. What is the units digit of z(f)?
4
Let t be 4 + ((-24)/3)/2. Suppose -5*o + 10 = t, 0 = -0*r + 2*r - o. What is the units digit of r?
1
Suppose 2*i = 12 - 212. What is the units digit of (-5)/(25/15) - i?
7
What is the units digit of (2/(-4))/(9/108) + 573?
7
Let k be 18/4*20/45. Suppose -272 = -3*p - 2*u, p - 276 = -k*p - 3*u. What is the tens digit of p?
8
Suppose 38*r + 4*r - 99414 = 0. What is the units digit of r?
7
Suppose -3*v = 2*s - 4*v + 579, 0 = 3*v + 15. What is the units digit of (-1)/(-3)*2 - s/3?
8
Suppose -4*g = -15 - 25. Let z(j) = -j**3 + 10*j**2 + 8*j. Let o be z(g). Suppose -2*m + 6*m = -3*w + 70, 0 = -2*w + 4*m + o. What is the tens digit of w?
3
Let k = 19 + -13. Let x = k - -60. What is the units digit of x?
6
Let t be (2/(-3))/((-30)/45). Let y(f) = 86*f**2 - 2*f + 3. What is the tens digit of y(t)?
8
Suppose -4*n = -16, -12 = -4*w + 3*n - 0. What is the units digit of (-22)/w*(9 + -30)?
7
Let y be ((-7)/14)/((-1)/6). Suppose -57 = -y*g + 105. What is the units digit of g?
4
Let x(o) = o + 6. Let i be x(-3). Suppose -r - g = -5, -r - 10 = -i*r - 3*g. Suppose -4*w = r - 25. What is the units digit of w?
5
Suppose -521*b + 524*b - 19626 = 0. What is the units digit of b?
2
Let b be (5 - 2) + 23 + 3. Let l be ((-196)/20 - 1)/((-2)/5). Let y = l + b. What is the tens digit of y?
5
Let j(y) = y**2 + 5*y - 2. Let i be j(3). Suppose 5*o - i = -2*w, -4*o + 21 = 3*w + 2*w. What is the units digit of w?
1
What is the hundreds digit of 24/372 + (-32910)/(-186)?
1
Let c be 220 - -4*(-3 - -2). Let d = c + -147. What is the tens digit of d?
6
Suppose 0 = 3*d + 28 + 32. Let y = 50 + d. Suppose -5*w = -2*w - y. What is the tens digit of w?
1
Let f = 3197 + -2021. What is the tens digit of f?
7
Let s(k) = k**2 + 12*k - 10. Let l be s(-13). Suppose 3*t + 4*n = -0*t + 37, 0 = l*t + 5*n - 35. What is the tens digit of t?
1
Let q(f) = -f**2 + 3*f + 1010. What is the units digit of q(0)?
0
Suppose -t + 2*t = -3*f + 7, -5*f - 35 = -5*t. Let y(g) = 2*g**2 - 9*g + 14. What is the tens digit of y(t)?
4
Suppose 5*y + 5*h - 6890 = 0, -4*h = 2*y - 0*h - 2764. What is the tens digit of y?
7
Let f(t) = 7*t**3 + 4*t**2 + 7*t + 8.